{"id":152,"date":"2014-11-13T00:06:21","date_gmt":"2014-11-12T22:06:21","guid":{"rendered":"http:\/\/www.e-beratungsjournal.net\/wp\/?page_id=152"},"modified":"2014-11-13T18:57:26","modified_gmt":"2014-11-13T16:57:26","slug":"3-jahrgang-heft-1-april-2008schwerpunktthema-zwischen-den-zeilen","status":"publish","type":"page","link":"https:\/\/www.e-beratungsjournal.net\/?page_id=152","title":{"rendered":"4. Jahrgang, Heft 1 \u2013 April 2008<br \/>Schwerpunktthema: Zwischen den Zeilen"},"content":{"rendered":"<div class=\"Normal\">\n<p class=\"paragraph_style_3\">Stefan K\u00fchne, Gerhard Hintenberger: Editorial<br \/>\n<a class=\"class1\" title=\"http:\/\/www.e-beratungsjournal.net\/ausgabe_0108\/editorial.pdf\" href=\"http:\/\/www.e-beratungsjournal.net\/ausgabe_0108\/editorial.pdf\"><span class=\"Ohne\">Artikel PDF<\/span><\/a><br \/>\n<span class=\"style_3\"><br \/>\n<strong>Schwerpunktartikel:<\/strong><br \/>\n<\/span>Stefan K\u00fchne: &#8222;Voll auf Liebe programmiert, mit Gef\u00fchl&#8220;<br \/>\nCodierung und Intimit\u00e4t in virtuellen Welten<br \/>\n<a class=\"class2\" title=\"http:\/\/www.e-beratungsjournal.net\/ausgabe_0108\/kuehne.pdf\" href=\"http:\/\/www.e-beratungsjournal.net\/ausgabe_0108\/kuehne.pdf\"><span class=\"Ohne\">Artikel PDF<\/span><\/a><\/p>\n<p class=\"paragraph_style_3\">Birgit Knatz: Zwischen den Zeilen<br \/>\n<a class=\"class3\" title=\"http:\/\/www.e-beratungsjournal.net\/ausgabe_0108\/knatz.pdf\" href=\"http:\/\/www.e-beratungsjournal.net\/ausgabe_0108\/knatz.pdf\"><span class=\"Ohne\">Artikel PDF<\/span><br \/>\n<\/a><br \/>\nDaniela Sauermann: Der Einsatz von Poesie im Online-Coaching<br \/>\n<a class=\"class4\" title=\"http:\/\/www.e-beratungsjournal.net\/ausgabe_0108\/sauermann.pdf\" href=\"http:\/\/www.e-beratungsjournal.net\/ausgabe_0108\/sauermann.pdf\"><span class=\"Ohne\">Artikel PDF<\/span><\/a><a title=\"http:\/\/www.e-beratungsjournal.net\/ausgabe_0207\/wagner.pdf\" href=\"http:\/\/www.e-beratungsjournal.net\/ausgabe_0207\/wagner.pdf\"><br \/>\n<\/a><span class=\"style_3\"><br \/>\n<strong>Grundlagenartikel:<\/strong><br \/>\n<\/span>Hans-Joachim Gehrmann &amp; Heidi Klenke: Empirische Sozialforschung im Internet. Befunde einer Onlinebefragung zu Inhalten und Erwartungen in der anonymen Beratung<br \/>\n<a class=\"class5\" title=\"http:\/\/www.e-beratungsjournal.net\/ausgabe_0108\/gehrmann.pdf\" href=\"http:\/\/www.e-beratungsjournal.net\/ausgabe_0108\/gehrmann.pdf\"><span class=\"Ohne\">Artikel PDF<\/span><\/a><\/p>\n<p>Karlheinz Benke: Soziales Lernen im Web 2.0, oder: Montessori und das Web?<span class=\"style_3\"><br \/>\n<\/span><a class=\"class6\" title=\"http:\/\/www.e-beratungsjournal.net\/ausgabe_0108\/benke.pdf\" href=\"http:\/\/www.e-beratungsjournal.net\/ausgabe_0108\/benke.pdf\"><span class=\"Ohne\">Artikel PDF<\/span><\/a><br \/>\n<span class=\"style_3\"><br \/>\n<strong>Aus der Praxis:<\/strong><br \/>\n<\/span>Sabine Dopatka &amp; Susanne Bisterfeld: Projektdokumentation: &#8222;Zwischen den St\u00fchlen&#8220; &#8211; Regionale Jugend-Online-Beratung der AWO-Beratungsstelle f\u00fcr Eltern, Kinder und Jugendliche in Meinerzhagen<br \/>\n<a class=\"class7\" title=\"http:\/\/www.e-beratungsjournal.net\/ausgabe_0108\/dopatka.pdf\" href=\"http:\/\/www.e-beratungsjournal.net\/ausgabe_0108\/dopatka.pdf\"><span class=\"Ohne\">Artikel PDF<\/span><\/a><\/p>\n<p class=\"paragraph_style_3\">Sandra Ger\u00f6 : Medienkompetenz in der Online-Beratung: Erfahrungen aus der Ausbildung von E-BeraterInnen<br \/>\n<a class=\"class8\" title=\"http:\/\/www.e-beratungsjournal.net\/ausgabe_0108\/geroe.pdf\" href=\"http:\/\/www.e-beratungsjournal.net\/ausgabe_0108\/geroe.pdf\"><span class=\"Ohne\">Artikel PDF<\/span><\/a> <a title=\"http:\/\/www.e-beratungsjournal.net\/ausgabe_0107\/keller.pdf\" href=\"http:\/\/www.e-beratungsjournal.net\/ausgabe_0107\/keller.pdf\"><br \/>\n<\/a><a title=\"http:\/\/www.e-beratungsjournal.net\/ausgabe_0106\/ince.pdf\" href=\"http:\/\/www.e-beratungsjournal.net\/ausgabe_0106\/ince.pdf\"><br \/>\n<\/a><span class=\"style_3\"><strong>Aus den Universit\u00e4ten und Fachhochschulen:<\/strong><br \/>\n<\/span>Holger Rott: Entwicklung der Onlineberatung unter methodischen und strukturellen Gesichtspunkten<br \/>\n<a class=\"class9\" title=\"http:\/\/www.e-beratungsjournal.net\/ausgabe_0108\/rott.pdf\" href=\"http:\/\/www.e-beratungsjournal.net\/ausgabe_0108\/rott.pdf\"><span class=\"Ohne\">Artikel PDF<\/span><\/a><\/p>\n<p><strong>Rezensionen: <\/strong><br \/>\nStefan K\u00fchne: &#8222;Vom ersten Leben im zweiten&#8220; &#8211; Rezension zu Lober, Andreas (Hrsg.): &#8222;Virtuelle Welten werden real. Second Life, World of Warcraft &amp; Co.: Faszination, Gefahren, Business.&#8220;kommt es anders \u2026&#8220;<span class=\"style_4\"><br \/>\n<\/span><a class=\"class10\" title=\"http:\/\/www.e-beratungsjournal.net\/ausgabe_0108\/rezension.pdf\" href=\"http:\/\/www.e-beratungsjournal.net\/ausgabe_0108\/rezension.pdf\">Artikel PDF<\/a><span class=\"style_5\"><br \/>\n<\/span><\/p>\n<\/div>","protected":false},"excerpt":{"rendered":"<p>Stefan K\u00fchne, Gerhard Hintenberger: Editorial Artikel PDF Schwerpunktartikel: Stefan K\u00fchne: &#8222;Voll auf Liebe programmiert, mit Gef\u00fchl&#8220; Codierung und Intimit\u00e4t in virtuellen Welten Artikel PDF Birgit Knatz: Zwischen den Zeilen Artikel PDF Daniela Sauermann: Der Einsatz<\/p>\n","protected":false},"author":1,"featured_media":0,"parent":0,"menu_order":0,"comment_status":"closed","ping_status":"closed","template":"","meta":{"footnotes":""},"class_list":["post-152","page","type-page","status-publish","hentry"],"_links":{"self":[{"href":"https:\/\/www.e-beratungsjournal.net\/index.php?rest_route=\/wp\/v2\/pages\/152","targetHints":{"allow":["GET"]}}],"collection":[{"href":"https:\/\/www.e-beratungsjournal.net\/index.php?rest_route=\/wp\/v2\/pages"}],"about":[{"href":"https:\/\/www.e-beratungsjournal.net\/index.php?rest_route=\/wp\/v2\/types\/page"}],"author":[{"embeddable":true,"href":"https:\/\/www.e-beratungsjournal.net\/index.php?rest_route=\/wp\/v2\/users\/1"}],"replies":[{"embeddable":true,"href":"https:\/\/www.e-beratungsjournal.net\/index.php?rest_route=%2Fwp%2Fv2%2Fcomments&post=152"}],"version-history":[{"count":2,"href":"https:\/\/www.e-beratungsjournal.net\/index.php?rest_route=\/wp\/v2\/pages\/152\/revisions"}],"predecessor-version":[{"id":161,"href":"https:\/\/www.e-beratungsjournal.net\/index.php?rest_route=\/wp\/v2\/pages\/152\/revisions\/161"}],"wp:attachment":[{"href":"https:\/\/www.e-beratungsjournal.net\/index.php?rest_route=%2Fwp%2Fv2%2Fmedia&parent=152"}],"curies":[{"name":"wp","href":"https:\/\/api.w.org\/{rel}","templated":true}]}}