{"id":155,"date":"2014-11-13T00:07:05","date_gmt":"2014-11-12T22:07:05","guid":{"rendered":"http:\/\/www.e-beratungsjournal.net\/wp\/?page_id=155"},"modified":"2014-11-13T00:10:40","modified_gmt":"2014-11-12T22:10:40","slug":"schwerpunktthema-sprachbilder-bildersprache","status":"publish","type":"page","link":"https:\/\/www.e-beratungsjournal.net\/?page_id=155","title":{"rendered":"3. Jahrgang, Heft 2 \u2013 September 2007<br \/> Schwerpunktthema: Sprachbilder &#8211; Bildersprache"},"content":{"rendered":"<p class=\"paragraph_style_3\">Stefan K\u00fchne, Gerhard Hintenberger: Editorial<br \/>\n<a class=\"class1\" title=\"http:\/\/www.e-beratungsjournal.net\/ausgabe_0207\/editorial.pdf\" href=\"http:\/\/www.e-beratungsjournal.net\/ausgabe_0207\/editorial.pdf\"><span class=\"Ohne\">Artikel PDF<\/span><\/a><br \/>\n<span class=\"style_3\"><br \/>\n<strong>Schwerpunktartikel:<\/strong><br \/>\n<\/span>Claudia Beck: Die Metaphernanalyse in der textbasierten Online-Beratung<br \/>\n<a class=\"class2\" title=\"http:\/\/www.e-beratungsjournal.net\/ausgabe_0207\/beck.pdf\" href=\"http:\/\/www.e-beratungsjournal.net\/ausgabe_0207\/beck.pdf\"><span class=\"Ohne\">Artikel PDF<\/span><\/a><\/p>\n<p>Elisabeth Goebel-Krayer: Narrative E-Mail-Supervision<br \/>\n<a class=\"class3\" title=\"http:\/\/www.e-beratungsjournal.net\/ausgabe_0207\/goebel.pdf\" href=\"http:\/\/www.e-beratungsjournal.net\/ausgabe_0207\/goebel.pdf\"><span class=\"Ohne\">Artikel PDF<\/span><br \/>\n<\/a><br \/>\nKarlheinz Benke &amp; Harald Schwarz: Zur Erschaffung der Virtualit\u00e4t und ihrer<br \/>\nBilder: AugenBlickWinkel<br \/>\n<a class=\"class4\" title=\"http:\/\/www.e-beratungsjournal.net\/ausgabe_0207\/benkepdf\" href=\"http:\/\/www.e-beratungsjournal.net\/ausgabe_0207\/benkepdf\"><span class=\"Ohne\">Artikel PDF<\/span><\/a><a title=\"http:\/\/www.e-beratungsjournal.net\/ausgabe_0207\/wagner.pdf\" href=\"http:\/\/www.e-beratungsjournal.net\/ausgabe_0207\/wagner.pdf\"><br \/>\n<\/a><br \/>\nMichael Wagner: Identit\u00e4tsr\u00fcckprojektion in Aktiven Medien. Wann k\u00f6nnen Computerspiele unser reales Verhalten beeinflussen?<br \/>\n<a class=\"class5\" title=\"http:\/\/www.e-beratungsjournal.net\/ausgabe_0207\/wagner.pdf\" href=\"http:\/\/www.e-beratungsjournal.net\/ausgabe_0207\/wagner.pdf\"><span class=\"Ohne\">Artikel PDF<\/span><br \/>\n<\/a><br \/>\nAdelheid Primus : Kreativit\u00e4t in der psychosozialen Online-Beratung<br \/>\n<a class=\"class6\" title=\"http:\/\/www.e-beratungsjournal.net\/ausgabe_0207\/primus.pdf\" href=\"http:\/\/www.e-beratungsjournal.net\/ausgabe_0207\/primus.pdf\"><span class=\"Ohne\">Artikel PDF<\/span><br \/>\n<\/a><span class=\"style_3\"><br \/>\n<strong>Grundlagenartikel:<\/strong><br \/>\n<\/span>Anton Fricko: Digital Communities &#8211; soziale, wirtschaftliche und kulturelle Auswirkungen in einer zunehmend virtuellen Gesellschaft<br \/>\n<a class=\"class7\" title=\"http:\/\/www.e-beratungsjournal.net\/ausgabe_0207\/fricko.pdf\" href=\"http:\/\/www.e-beratungsjournal.net\/ausgabe_0207\/fricko.pdf\"><span class=\"Ohne\">Artikel PDF<\/span><\/a><\/p>\n<p>Brigitte Vogt: Schreiben, ein wirksamer Prozess. Acht Thesen zur Wirksamkeit und Effektivit\u00e4t von E-Mail-Beratung<br \/>\n<a class=\"class8\" title=\"http:\/\/www.e-beratungsjournal.net\/ausgabe_0207\/vogt.pdf\" href=\"http:\/\/www.e-beratungsjournal.net\/ausgabe_0207\/vogt.pdf\"><span class=\"Ohne\">Artikel PDF<\/span><\/a><br \/>\n<span class=\"style_3\"><br \/>\n<\/span>Bettina Zehetner : Feminismus im Cyberspace: Frauenspezifische Online-Beratung &#8211;<br \/>\nQualit\u00e4tskriterien und Herausforderungen<br \/>\n<a class=\"class9\" title=\"http:\/\/www.e-beratungsjournal.net\/ausgabe_0207\/zehetner.pdf\" href=\"http:\/\/www.e-beratungsjournal.net\/ausgabe_0207\/zehetner.pdf\"><span class=\"Ohne\">Artikel PDF<\/span><\/a><\/p>\n<p>Ronald Hechenberger: Online-Beratung und Online-Streitschlichtung f\u00fcr KonsumentInnen<br \/>\n<a class=\"class10\" title=\"http:\/\/www.e-beratungsjournal.net\/ausgabe_0207\/hechenberger.pdf\" href=\"http:\/\/www.e-beratungsjournal.net\/ausgabe_0207\/hechenberger.pdf\"><span class=\"Ohne\">Artikel PDF<\/span><\/a> <a title=\"http:\/\/www.e-beratungsjournal.net\/ausgabe_0107\/keller.pdf\" href=\"http:\/\/www.e-beratungsjournal.net\/ausgabe_0107\/keller.pdf\"><br \/>\n<\/a><a title=\"http:\/\/www.e-beratungsjournal.net\/ausgabe_0106\/ince.pdf\" href=\"http:\/\/www.e-beratungsjournal.net\/ausgabe_0106\/ince.pdf\"><br \/>\n<\/a><strong><span class=\"style_3\">Rezensionen:<br \/>\n<\/span><\/strong>Stefan K\u00fchne : &#8222;Erstens kommt es anders \u2026&#8220; Rezension zu &#8222;Iglhaut, Stefan; Kapfer, Herbert; R\u00f6tzer, Florian (Hrsg.): what if? Zukunftsbilder der Informationsgesellschaft.&#8220;<span class=\"style_4\"><br \/>\n<\/span><a class=\"class11\" title=\"http:\/\/www.e-beratungsjournal.net\/ausgabe_0207\/rezension.pdf\" href=\"http:\/\/www.e-beratungsjournal.net\/ausgabe_0207\/rezension.pdf\">Artikel PDF<\/a><\/p>","protected":false},"excerpt":{"rendered":"<p>Stefan K\u00fchne, Gerhard Hintenberger: Editorial Artikel PDF Schwerpunktartikel: Claudia Beck: Die Metaphernanalyse in der textbasierten Online-Beratung Artikel PDF Elisabeth Goebel-Krayer: Narrative E-Mail-Supervision Artikel PDF Karlheinz Benke &amp; Harald Schwarz: Zur Erschaffung der Virtualit\u00e4t und ihrer<\/p>\n","protected":false},"author":1,"featured_media":0,"parent":0,"menu_order":0,"comment_status":"closed","ping_status":"closed","template":"","meta":{"footnotes":""},"class_list":["post-155","page","type-page","status-publish","hentry"],"_links":{"self":[{"href":"https:\/\/www.e-beratungsjournal.net\/index.php?rest_route=\/wp\/v2\/pages\/155","targetHints":{"allow":["GET"]}}],"collection":[{"href":"https:\/\/www.e-beratungsjournal.net\/index.php?rest_route=\/wp\/v2\/pages"}],"about":[{"href":"https:\/\/www.e-beratungsjournal.net\/index.php?rest_route=\/wp\/v2\/types\/page"}],"author":[{"embeddable":true,"href":"https:\/\/www.e-beratungsjournal.net\/index.php?rest_route=\/wp\/v2\/users\/1"}],"replies":[{"embeddable":true,"href":"https:\/\/www.e-beratungsjournal.net\/index.php?rest_route=%2Fwp%2Fv2%2Fcomments&post=155"}],"version-history":[{"count":3,"href":"https:\/\/www.e-beratungsjournal.net\/index.php?rest_route=\/wp\/v2\/pages\/155\/revisions"}],"predecessor-version":[{"id":159,"href":"https:\/\/www.e-beratungsjournal.net\/index.php?rest_route=\/wp\/v2\/pages\/155\/revisions\/159"}],"wp:attachment":[{"href":"https:\/\/www.e-beratungsjournal.net\/index.php?rest_route=%2Fwp%2Fv2%2Fmedia&parent=155"}],"curies":[{"name":"wp","href":"https:\/\/api.w.org\/{rel}","templated":true}]}}